r when c is divided by p?
7
What is the remainder when ((-2)/(-10))/(19/10355) is divided by 8?
5
Let l(f) = 2*f**2 - 4*f - 87. What is the remainder when 133 is divided by l(-6)?
7
Suppose 50 - 366 = -4*b. Suppose 0 = -2*w - w - 5*d + 77, b = 5*w - 4*d. Calculate the remainder when -111*(-21)/(-63)*(-1 - 1) is divided by w.
17
Suppose o - 129 = -5*j - 2, -5*j = -4*o - 117. Calculate the remainder when j is divided by 6.
1
Let h = 1316 - 1149. What is the remainder when h is divided by 53?
8
Let r(u) = u**2 + 60*u - 99. What is the remainder when 124 is divided by r(-62)?
24
Let c(x) = x**3 - 83*x**2 + 6*x - 428. Calculate the remainder when 136 is divided by c(83).
66
Let c(z) = z**3 - 5*z**2 + z + 8. Let s be c(4). Let t(n) be the first derivative of -10*n**2 - 6*n - 1. Calculate the remainder when t(s) is divided by 19.
17
Let o = -32 + 34. What is the remainder when 37 is divided by (30/2 - -5)/o?
7
Let d = -4 + 6. Let n(t) = -4*t + d*t + 5*t + 6 + 5*t. What is the remainder when n(6) is divided by 14?
12
Suppose -6 = y + 5*c, -3*c - 26 + 4 = -4*y. Suppose y*z = 5*v - 469, -4*v + 105 = -3*v + 2*z. Calculate the remainder when v is divided by 25.
22
Let w(r) = r**2 - 4*r - 111. Suppose 0 = -k + 11 + 4. Calculate the remainder when w(14) is divided by k.
14
Suppose 35*k = -15*k + 1050. Calculate the remainder when 647 is divided by k.
17
Suppose -4*b + 1 = -11. Suppose b*p + 9 = 72. Suppose -6*d + 3*k = -2*d - 29, 0 = 2*k - 2. Calculate the remainder when p is divided by d.
5
Let b(s) = 2*s**3 - 4*s**2 + 4. Let o be 6/(3 - 6) + 97. Let j = -31 + o. Calculate the remainder when j is divided by b(3).
20
Let t = 935 + -768. Calculate the remainder when t is divided by 51.
14
Let l(x) = -10*x**2 - 239*x - 3. What is the remainder when l(-21) is divided by 68?
62
Let a = -152 + 167. What is the remainder when 41 is divided by a?
11
Suppose -64 = -5*v + t, v = -2*v + 4*t + 52. Suppose -q - 6 + 20 = 0. Calculate the remainder when q is divided by -6*v/(-9) - 3.
4
Let r = 137 + -52. Suppose -r = -3*t + 110. What is the remainder when t is divided by 22?
21
Let l(v) = v**3 - 6*v**2 + 6*v - 1. Suppose -4*h + q = -3*q - 12, -h + 3*q = 1. Calculate the remainder when 11 is divided by l(h).
3
Let s be 15 + 1 + (3 - 4). Suppose -q = -6*q + s. Suppose 8*d - q*d - 85 = 0. What is the remainder when 49 is divided by d?
15
Let b(p) = p**2 + 22*p - 591. What is the remainder when 150 is divided by b(-38)?
14
Let f(l) = -1. Let n(c) = 2*c - 25. Let d(a) = -6*f(a) - n(a). Calculate the remainder when 30 is divided by d(11).
3
Suppose 5 = 7*i - 9. Calculate the remainder when 10 is divided by 2/2 - (-4 + i).
1
Let b = 855 + -754. What is the remainder when b is divided by 75?
26
Suppose 2*y - 2 - 55 = 9. What is the remainder when -2*(-49 + (-2)/(-2)) is divided by y?
30
Let l = 154 + -11. What is the remainder when l is divided by 73?
70
Suppose 5*q - 679 = 2*n, -4*n - 518 = -5*q + 155. What is the remainder when q is divided by 43?
8
Let f(t) = 4*t**2 - 72*t + 69. Let p(y) = -y**2 + 24*y - 23. Let c(m) = -2*f(m) - 7*p(m). Calculate the remainder when c(-17) is divided by 18.
16
Suppose l + 131 = 4*l + c, -245 = -5*l + 5*c. Let o be 112/4*(-6)/(-8). Let j = l - o. What is the remainder when j is divided by 9?
6
Let l be 9/2 - (-10)/(-20). Let s = -13 + 17. Suppose s*o - 12 = l. Calculate the remainder when 10 is divided by o.
2
Let d(h) = -h**2 + 7*h - 2. Let s(g) = 5*g + 16. Let q be s(-2). What is the remainder when 5 is divided by d(q)?
1
Suppose -2*t + 2 = 48. Let a = -8 - t. Calculate the remainder when a is divided by 9.
6
Let m = 81 + -58. Let w = 40 + -23. Calculate the remainder when w is divided by (-7 - (4 - m)) + (-2)/1.
7
Let w be (2 - 1)/(-2) - 4/(-8). Suppose w = 2*h + 7*h - 27. What is the remainder when h is divided by 2?
1
Suppose 0 = -7*c + c + 42. Suppose -4*r + 12 = -0*r. Suppose r*h = 5*d - 2*h - 50, 3*h = -2*d + 30. What is the remainder when d is divided by c?
5
Let s = 20 + -13. Let x be 9/(-1) - (-7)/s. Let l = x - -22. What is the remainder when l is divided by 6?
2
Let t be 1/(6/(-42) + (-19)/(-84)). Let u = t - -2. What is the remainder when u is divided by 8?
6
What is the remainder when 29 is divided by 528/56 + 1 + 6/(-14)?
9
Let t = -6 + 19. Suppose -t = -g - 4*z, -4*g = -4*z + 6*z - 24. Suppose b - 80 = 2*x, -267 = -g*b - 4*x + 77. What is the remainder when b is divided by 25?
22
Suppose -171 = -323*v + 314*v. Calculate the remainder when 148 is divided by v.
15
Suppose -12*q + 1202 = -670. What is the remainder when q is divided by 35?
16
Let g(c) = 4*c**3 + 14*c**2 + 2*c - 20. Calculate the remainder when g(6) is divided by 11.
7
Let c(d) = -d**3 - 6*d**2 - 4*d - 5. Let f(p) = 22*p**2. Let z be f(-1). Suppose 12*w = 14*w - z. What is the remainder when c(-6) is divided by w?
8
Suppose -5*k = -354 + 14. Let t = k - 59. Suppose 3*n - 8*n + 125 = 0. What is the remainder when n is divided by t?
7
Suppose -5*z - 74 = -3*z. Suppose -3*l + 16 + 59 = 0. Calculate the remainder when l is divided by 1/(-4) - z/4.
7
Suppose -66*z = 2*z - 1020. Calculate the remainder when z is divided by 5.
0
Let c = -95 - -105. Calculate the remainder when 58 is divided by c.
8
Let g = -41 + 39. Let q(b) = -b**3 + 2*b**2 - 3. Suppose 4*i - i = 4*n - 265, -308 = -5*n - 4*i. Calculate the remainder when n is divided by q(g).
12
Let t(q) = -q**3 + 12*q**2 - 10*q - 9. Let m be t(11). Suppose 104 = m*u + 3*z, 3*z + 28 = -u + 86. What is the remainder when 178 is divided by u?
40
Suppose a - u = -8, -4*u - 53 = 3*a - 15. Let m(y) = y + 15. Calculate the remainder when 13 is divided by m(a).
3
Suppose 4*z = -3*m + z + 1017, -z = 5*m - 1695. What is the remainder when m is divided by 68?
67
Let h be -6*((-3)/(-6))/(-1). Let r be h/(-8)*-4*-8. Let b = r + 37. Calculate the remainder when 74 is divided by b.
24
Let z(m) be the third derivative of 7/6*m**3 + 0*m + m**2 + 0 - 13/24*m**4. Calculate the remainder when z(-3) is divided by 12.
10
Let g(z) = -16*z - 3. What is the remainder when g(-1) is divided by 0 - -7 - (3 + -3)?
6
Suppose 0 = -2*q - 13 + 115. Let a(s) = -28*s**3 - s**2 - s + 1. Let k be a(1). Let v = 47 + k. Calculate the remainder when q is divided by v.
15
Let b(d) = -d - 5. Let k be b(-6). Let v be k/4 - 1/4. Suppose v = -6*f + f + 75. Calculate the remainder when 42 is divided by f.
12
Let r(p) = -p**2 + 10*p - 5. Let n be r(9). Suppose -u + f + 18 = 2*f, 5*u - n*f = 45. Calculate the remainder when 38 is divided by u.
12
Let o(r) be the third derivative of r**5/15 - r**4/12 - 2*r**3 + 4*r**2. What is the remainder when o(-5) is divided by 25?
23
Suppose 0 = 7*k - 4*k - 51. What is the remainder when k is divided by 147/(-98)*20/(-6)?
2
Let d = 34 - 19. Let p = 53 - -35. What is the remainder when p is divided by d?
13
Suppose -4*j = -9*j - 5*t + 1410, 2*t + 560 = 2*j. Calculate the remainder when j is divided by 30.
11
Let u(s) = 2*s**2 + 8*s - 2. Let p(j) = j**3 + 12*j**2 + 21*j + 4. Let k be p(-10). What is the remainder when 77 is divided by u(k)?
11
Suppose o - 351 = -2*o. Suppose 8 = 9*h - 7*h. Suppose o = h*g + 33. What is the remainder when 61 is divided by g?
19
Suppose 1 = 7*l - 8*l, 2*h = 4*l + 8. What is the remainder when 29 is divided by h?
1
Suppose -300 = 2*a - 14*a. What is the remainder when 142 is divided by a?
17
Calculate the remainder when (198/54)/(1/39) is divided by 80.
63
Let t(q) = -q**3 - 5*q**2 - 2. Let k be t(-5). What is the remainder when 13 is divided by 8*(3/k)/(-3)?
1
Let b be 0 - -18 - 2/2. Let g(y) = y**2 + 21*y + 98. Let x be g(-6). Let c = b - x. Calculate the remainder when 15 is divided by c.
6
Suppose 63 = -2*b + 5*b. Let u = -8073 - -8173. Calculate the remainder when u is divided by b.
16
Let r(c) = 198*c**3 + 3*c - 3. What is the remainder when r(1) is divided by 29?
24
Let p(h) = -3*h**3 - 81*h**2 - 10*h - 8. Calculate the remainder when p(-27) is divided by 55.
42
Let k = -41 - -24. Let d = k - -49. Calculate the remainder when 94 is divided by d.
30
Suppose 5*z + c = 154, -z + 2*z - 30 = -c. Let k = z - 27. Suppose 0 = k*a - a - 48. Calculate the remainder when 62 is divided by a.
14
Suppose 0*c - 96 = -4*c. What is the remainder when c is divided by (-4)/(-22) - (-873)/99?
6
Calculate the 